).
-73
Evaluate 3427 + -3422 - (43 - 0).
-38
Calculate -10 + ((-2 - -6) + 0 - (-61 + 17)).
38
Calculate -33 + (55 - 103) - -37.
-44
What is the value of -43 + (16 + -13 - 24) + 22?
-42
What is the value of 133 + (5 - ((17 + 1 - 14) + -13)) + -12?
135
What is 130 + -35 + -71 - -26?
50
Calculate -28 + 0 + -1011 + 1046.
7
0 - (16 + (-17 - 1) - 14) - 91
-75
What is the value of 44 + (43 - 48) + 31?
70
What is (5 + -4 - 15) + 11 + 12 + (-3 - 13)?
-7
What is -30 + 0 + -490 + 557?
37
0 + (-2 + 0 - -82) - (-185 + 556 + -371)
80
(1 - 7) + 5 - 8 - (10 + 106 + -64)
-61
What is the value of -1 + -2 + -1 + 9 + -67 + (-3 - 3)?
-68
Calculate (51 - (-13 + 82)) + -18.
-36
Calculate 102 - (-62 - -115) - (1 + (0 - 0)).
48
Calculate (13 - -9 - -6) + (-1 - -2 - (12 + -10)).
27
(51 - (-12 + 57)) + -4 + 8
10
Evaluate (4 - 0) + (148 + -83 - 79).
-10
Evaluate -1 + -12 + 535 + -571 + 2 + 33.
-14
What is (-45 - 2) + -10 + (14 + -36 - -31)?
-48
Calculate -9 + (-16 - 0 - (168 - 178)) - -100.
85
What is the value of 38 + (-16 - 2) + 17 - (0 - -1)?
36
What is the value of 86 + (257 + -224 - (5 + 30))?
84
Evaluate 105 - 110 - (-2 + -8) - 81.
-76
Calculate (20 + -12 - -1 - -3) + -25 + 34 - -4.
25
What is the value of (2 - -5) + (-30 - 20 - 23) + 10?
-56
What is the value of 25 - (-41 + -15 + 14 - -1)?
66
-131 - ((0 - -30) + (1466 - 1526))
-101
Calculate -28 + (40 - 42) - 17.
-47
-389 - -382 - (-14 - 2) - (0 + -32)
41
Evaluate -619 + 626 + 36 + -7 + 4 + -2.
38
Calculate (14 - 21) + 9 + -16.
-14
Calculate -4 + -4 + 14 + -14 - (21 + -21 + -37).
29
Evaluate 29 + 57 + -10 + -32.
44
-84 + -1 + (76 - 49) + -7 + 22
-43
Evaluate (5 + 49 + -44 - (-1 + 17 - -1)) + 43.
36
Calculate (24 - (-70 + 97)) + -3 + (-3 - (0 + -1)).
-8
6 + -13 + 8 + (8 - 2) + -5 - -30
32
Calculate (-269 - -317) + 0 + 2 + -12.
38
Calculate 10 + (17 - 10 - -10) - (0 - 2).
29
Evaluate -7 + 0 + 12 + -22 + -5 + (4 - -1).
-17
Evaluate (2 - 19) + (34 - 46) + -4 + 2.
-31
What is (79 - 0) + (2644 - 2637)?
86
Calculate (-13 - -3) + (8 + 1 + -9 - 12).
-22
What is the value of 14 - (13 - 9 - (-7 + (-2 - -63)))?
64
Calculate 182454 - 182385 - (0 + -5 + -1 - (1 - 0)).
76
What is (-20 + 2 - ((-90 - -44) + 32)) + (1 - 7)?
-10
Evaluate (-12 - -6) + 3 + 24 + -23.
-2
Evaluate 0 + (-30 - 0) - (-7325 - -7240).
55
Calculate 17 - (-2 - -5) - (-17 + -25 + 90).
-34
-35 + (-45 + 51 - (-2 + (-1 - -1)))
-27
7 + (-25 + 1 - (139 - 141)) - 1
-16
What is the value of 83 + (-162 + 167 - (-4 - (6 + -1 + -4)))?
93
((-20 - (-12 - -3)) + 16 - (-5 + 3)) + -24
-17
Evaluate (-13 - -4) + 7 + 61 + -92.
-33
What is -61 + -26 + 47 + 26?
-14
135 + 43 + -44 + -64
70
What is (28 - (-17 - (-33 - 8))) + (129 - 1)?
132
What is the value of (-52 - (37 - 66)) + (22 - 6)?
-7
What is 88 - (81 + 42 - 93)?
58
Calculate 5 + (19 - 5) + -3 + 1 - 9 - 102.
-94
Calculate 55 + (-185 - -45 - -32).
-53
What is -40 - -1 - (67 - (-9 + 66))?
-49
Calculate -623 + 630 - (50 - 0).
-43
Calculate 43 - (-32 + -19 + 75).
19
Evaluate -48 - (-59 - (-144 + 68)).
-65
Calculate 2 - -40 - (1373 - 1351).
20
Evaluate (25 - (19 - 12) - -3) + -12 + 18.
27
Evaluate -10 + 65 + -31 - (-5 + -15).
44
Calculate 1 + 21 + -8 + (27 - 27) - -22.
36
What is the value of -2 - (6 + -1 - (481 + -475))?
-1
Evaluate -3 - 17 - (0 + 15 + 8 + -17).
-26
What is the value of 3 + 10 + (51 - (20 + -18 + 9))?
53
What is 10 + (47 - (-1 + 30 + -5)) - -1?
34
What is 68 - 27 - ((6 - 19) + 9)?
45
Calculate 47 - (9 - (-4 + 7) - 19) - (-1 - 11).
72
What is the value of (-64 - -87) + (61 + 3 - 19)?
68
What is -58 - (-33 - (20 - 37)) - 12?
-54
What is -13 + -12 + (-4 - -9) + 8 + -21?
-33
What is -14 + -100 + -38 + 272?
120
Calculate -14 - (20 + -16 + -22) - -4.
8
What is -7 + 88 + -71 + 1 + 0 + -61?
-50
Calculate 0 - (15 - (-22 - -37 - 2 - -9)).
7
What is the value of -5 + 35 - (-66 + 177 + -65)?
-16
3 + 77 + -52 + 31 - -15
74
What is 182 + -193 + (-1 - -76 - (92 + -99))?
71
Evaluate (-207 - -129) + 56 - (43 + 0).
-65
What is the value of 41 - 48 - -6 - ((-3 - -4) + 2 + -62)?
58
Calculate 24 - 11 - (13 + (-3 - 1 - 8)).
12
What is the value of (33 - (-3 - (-24 + 8))) + -10 - -59?
69
Evaluate -16 + 31 + 10 + (-50 - -20).
-5
Calculate (44 + -44 - (-8 + -1)) + (-9 - 2).
-2
What is -2 - (-275 + 244 + 0 + -2)?
31
Evaluate 80 + -1 + (44 - 194).
-71
134 - (-13 - (-53 - 55))
39
What is the value of (100 - 143) + 150 + -34?
73
Evaluate -96 + 66 + -19 + 40.
-9
Calculate 68 + 40 - (138 - 39).
9
Calculate 153 + -74 + -46 + 35.
68
Evaluate (87 - 33 - 185) + (0 - (23 + -7)).
-147
What is the value of (17 - 17 - (26 + -2)) + 68?
44
10 + (-27 - -17 - (-1 - 10)) + 5
16
Calculate -50 - (-201 + 92) - (0 + 17).
42
-13 + 6 + -6 + (-14 - (36 + -24))
-39
What is the value of -148 - (-433 + 117) - 77?
91
What is the value of -49 - (0 + -13) - -26?
-10
(-464 - -521) + (-25 - -2) + 0
34
Calculate (64 - -5) + -1 - (-17 + 18) - (6 + -20).
81
What is (2 - -22 - (20 - -6)) + 18?
16
What is the value of 14 + (27 - -8 - 15) - -8?
42
What is the value of -9 + 64 + 9 + -11?
53
3 + -1 - (-38 + -3 - (-107 + 8))
-56
What is the value of 120 - 30 - 60 - (100 + 2)?
-72
What is the value of 3268 + -3329 + (-21 - -1)?
-81
What is -18 - (34 + (-40 - 5))?
-7
(6 - (11 - -16)) + 12 - 11
-20
-22 + 16 - (-6 - (0 + -2 + 125 - 3))
120
Calculate 5 + (-2 - -74) + -28 + 28 + -7.
70
Calculate -64 + 66 + (6 - (-36 + 9)).
35
What is the value of 4 + -38 + (7 - 6) + 44 + -57?
-46
What is 7 + (-53 - (1 + 0 - ((-62 - -36) + 21)))?
-52
-38 + 13 + (-18 - -12 - -15 - 14)
-30
-25 + (31 - (-17 - -22 - -9)) + 0 + -7
-15
Evaluate -16 - 15 - -3 - -11 - (-2 + 10).
-25
What is the value of 18 + (-24 - (2 - 0)) - (-4 + 68)?
-72
What is the value of 39 - (-63 - -30 - -53)?
19
What is -11 + 91 - (-84 + 213)?
-49
What is the value of 7 - -4 - (-50 - (-3 + -23))?
35
-13 - (46 - 42 - 66)
49
What is the value of 0 + -4 + -2 + -50 + -2 + 12?
-46
Calculate -10 - 43 - (-64 + -58).
69
Evaluate (7 + -2 - -18) + -2 + 6 + 2.
29
Evaluate 20 + 1 + 0 + 3 - (144 - 155).
35
-309 + 309 + 10 + 1 + -1 + 3
13
What is 56 - (50 + -48) - 69?
-15
Calculate (0 - -1) + (4 - 22) + 33 + -100.
-84
What is the value of (20 - (1 + 1)) + 105 + (-170 - -75) - 1?
27
What is -695 + 574 + 30 + -7 + 15?
-83
-16 + (-102 + 110 + (-13 - -1) - -10) + -15
-25
What is the value of 44 - (10 + -4) - (-93 + 104)?
27
Evaluate (1 + 124 - 1) + -1 + -70 + (-208 - -268).
113
Evaluate 16 + -2 + 80 + -97 + (5 - -105) + 1.
108
Evaluate 73 - (53 - 49) - 47.
22
What is the value of -178 - -133 - (0 - -1 - ((35 - 22) + -4))?
-37
What is -18 + 310 + -251 + (0 - -26)?
67
What is the value of (-1 - 37 - 8) + 46 + -68?
-68
What is the value of -26 - (-15 - (-26 + 19))?
-18
Evaluate -22 + 3 - (23 + 6).
-48
Calculate -80 - (59 + -167) - -26.
54
What is 1 - -54 - (7888 + -7755)?
-78
What is the value of (39 - 7 - (34 + -56) - (3 - -1)) + 4?
54
What is the value of (11 - (-4 + 5 - 5)) + (-186 - -102)?
-69
What is (50 + -63 - 54) + 25?
-42
Evaluate (41 - (3 + 21)) + (-2 - (0 + 8)) + 20.
27
What is -131 + (2 - (5 + -4 + (-4 - 8)))?
-118
Calculate -94 + (-17 + 4 + 39 - 4).
-72
Calculate 18 + 122 - -89 - 126.
103
Evaluate (-92 - -48) + (1 - 7) + 8.
-42
Calculate -4 - ((1008 - 1017) + (2 - 1 - -58)).
-54
Calculate (-8 - (-218 + 221 + 2 + -5)) + -72.
-80
Evaluate (120 - (12 - -43)) + (-6 - -4).
63
What is 41 + -61 - (-15 + 0 + 22)?
-27
Evaluate 11043 + -11127 - (1 + -177).
92
Calculate -19 - -21 - (23 + 23).
-44
-8 - (-92 + -34) - ((10 - 1) + -1 + -3)
113
Calculate (-1310 - -1338) + -52 + 3.
-21
Calculate (0 - -3) + -6 + 27 - ((0 - -10) + -16).
30
What is the value of 75 + -1 + 2 + (-21 - (25 - 50) - 14)?
66
Calculate (-9 - -13 - ((15 - 23) + 14)) + 0 + 0.
-2
What is the value of (-16 - -31) + -9 + (307 - 334)?
-21
-70 + 21 + 222 + -93
80
Evaluate -61 - (1 - 43 - -10).
-29
What is 10 + (324 - 327) + (-5 - (1 - -1))?
0
Calculate (-9 - (87 - 112 - (2 - 6))) + -12.
0
What is 11 - -1 - (24 - (-1 - (-5 - -12 - -92)))?
-112
Evaluate -17 + -1 + (0 - -2) - (3 + (-24 - -10)).
-5
94 + -59 - 18 - -2
19
What is -16 + 3 - (37 + (-69 - -10))?
9
Calculate -12 - (72 + -49 - (65 - -2)).
32
Calculate -1418 - -1427 - (-35 - -1).
43
Evaluate -38 - (-36 + (55 - 17)).
-40
Evaluate (-48 - 7) + (57 - 60) - (2 + 1 - 0).
-61
What is the value of -9 + -3 + -1 + 4 + 14 + -7?
-2
What is the va